{"id":1390,"date":"2026-08-28T10:37:59","date_gmt":"2026-08-28T10:37:59","guid":{"rendered":"https:\/\/www.sic12.org\/?page_id=1390"},"modified":"2026-08-28T10:45:21","modified_gmt":"2026-08-28T10:45:21","slug":"bio-fr-fausto","status":"publish","type":"page","link":"https:\/\/www.sic12.org\/?page_id=1390&lang=fr","title":{"rendered":"bio fr fausto"},"content":{"rendered":"\t\t<div data-elementor-type=\"wp-page\" data-elementor-id=\"1390\" class=\"elementor elementor-1390\" data-elementor-post-type=\"page\">\n\t\t\t\t<div class=\"elementor-element elementor-element-6d30f49 e-con e-atomic-element e-flexbox-base \" data-id=\"6d30f49\" data-element_type=\"e-flexbox\" data-e-type=\"e-flexbox\" data-interaction-id=\"6d30f49\" data-e-type=\"e-flexbox\" data-id=\"6d30f49\">\n    \t\t\t<h2 data-interaction-id=\"114505e\" class=\"e-heading-base\" data-e-type=\"widget\" data-id=\"114505e\">Fausto Ferraiuolo<\/h2>\n\t\t\n<\/div>\n<div class=\"elementor-element elementor-element-e874cc8 e-con e-atomic-element e-flexbox-base \" data-id=\"e874cc8\" data-element_type=\"e-flexbox\" data-e-type=\"e-flexbox\" data-interaction-id=\"e874cc8\" data-e-type=\"e-flexbox\" data-id=\"e874cc8\">\n    \t\t\t<p class=\"e-f8d2bcb-59a3716 e-paragraph-base\" data-interaction-id=\"f8d2bcb\" data-e-type=\"widget\" data-id=\"f8d2bcb\" >N\u00e9 \u00e0 Naples, <br><strong id=\"e-mtctqbap-o8luav8\">Fausto Ferraiuolo est pianiste, compositeur et musicien de sc\u00e8ne<\/strong>.<br>Il obtient son dipl\u00f4me de piano jazz avec les f\u00e9licitations du jury au Conservatoire d\u2019Alessandria, en Italie.Il approfondit ensuite la tradition du piano jazz \u00e0 New York et \u00e0 Rome aupr\u00e8s de <strong id=\"e-mtctqbap-oppbt84\">Barry Harris<\/strong> et obtient en 2010 un <strong id=\"e-mtctqbap-p5pelxo\">Master international de jazz \u00e0 Siena Jazz (InJam)<\/strong><\/p>\n\t\t\n<\/div>\n<div class=\"elementor-element elementor-element-1a37b7a e-con e-atomic-element e-flexbox-base \" data-id=\"1a37b7a\" data-element_type=\"e-flexbox\" data-e-type=\"e-flexbox\" data-interaction-id=\"1a37b7a\" data-e-type=\"e-flexbox\" data-id=\"1a37b7a\">\n    \t\t\t<p class=\"e-paragraph-base\" data-interaction-id=\"dcd82bc\" data-e-type=\"widget\" data-id=\"dcd82bc\">Au cours de sa formation, il \u00e9tudie avec <strong id=\"e-mtcta8dm-tockffx\">Enrico Pieranunzi<\/strong>, suit les cours de perfectionnement de <strong id=\"e-mtcta8dm-v0mwenn\">John Taylor<\/strong> et <strong id=\"e-mtcta8dm-vrt0xa3\">George Cables<\/strong>, et approfondit la pratique de la musique d\u2019ensemble avec <strong id=\"e-mtcta8dm-tvj59q4\">Paul Jeffrey<\/strong> et <strong id=\"e-mtcta8dm-wc0ib8z\">Benny Golson<\/strong>.Depuis 1989, il se produit avec son propre trio, d\u00e9veloppant une intense activit\u00e9 de concert en Italie et \u00e0 l\u2019\u00e9tranger et enregistrant de nombreux albums, parmi lesquels <em id=\"e-mtcta8dm-m3f7hfg\">The Secret of the Moon<\/em>, <em id=\"e-mtcta8dm-h4cgvxy\">Guajon<\/em>, <em id=\"e-mtcta8dm-vxru1a4\">Blue and Green<\/em>, <em id=\"e-mtcta8dm-kglbk36\">Changing Walking<\/em>, <em id=\"e-mtcta8dm-n5i9997\">Artam\/Mantra<\/em>, <em id=\"e-mtcta8dm-8tvheez\">Ponts Suspendus<\/em>, <em id=\"e-mtcta8dm-mxv5yaj\">Il dono<\/em> et <em id=\"e-mtcta8dm-5v62sgd\">Disubbidire sempre<\/em>.<\/p>\n\t\t\n<\/div>\n<div class=\"elementor-element elementor-element-7d948a3 e-con e-atomic-element e-flexbox-base \" data-id=\"7d948a3\" data-element_type=\"e-flexbox\" data-e-type=\"e-flexbox\" data-interaction-id=\"7d948a3\" data-e-type=\"e-flexbox\" data-id=\"7d948a3\">\n    \t\t\t<p class=\"e-paragraph-base\" data-interaction-id=\"b8a60ff\" data-e-type=\"widget\" data-id=\"b8a60ff\"><strong id=\"e-mtcteqxt-785m3sz\">Collaborations:<br><\/strong>Au cours de sa carri\u00e8re, il collabore avec de grandes figures du jazz italien et international, parmi lesquelles <strong id=\"e-mtcteqxt-1hk6de8\">Tony Scott, Elliot Zigmund, Paolo Fresu, Maurizio Giammarco, Massimo Urbani, Marc Abrams, Fabrizio Sferra, Pietro Condorelli, Daniele Scannapieco, Attilio Zanchi, Daniele Sepe, Piero Leveratto, Alfred Kramer, Bobby Durham, Gianni Cazzola, Pietro Iodice, Tino Tracanna et Marco Tamburini<\/strong>.<\/p>\n\t\t\n<\/div>\n<div class=\"elementor-element elementor-element-d0af02a e-con e-atomic-element e-flexbox-base \" data-id=\"d0af02a\" data-element_type=\"e-flexbox\" data-e-type=\"e-flexbox\" data-interaction-id=\"d0af02a\" data-e-type=\"e-flexbox\" data-id=\"d0af02a\">\n    \t\t\t<p class=\"e-paragraph-base\" data-interaction-id=\"93274c0\" data-e-type=\"widget\" data-id=\"93274c0\"><strong id=\"e-mtcthj14-2mnx2lp\">Cin\u00e9ma et th\u00e9\u00e2tre:<br><\/strong>Parall\u00e8lement \u00e0 son activit\u00e9 dans le jazz, Fausto Ferraiuolo d\u00e9veloppe un important travail de <strong id=\"e-mtcthj14-8gmrnuo\">composition pour le cin\u00e9ma et le th\u00e9\u00e2tre<\/strong>. En 1992, il commence \u00e0 composer des musiques pour le cin\u00e9ma, en collaborant avec <strong id=\"e-mtcthj14-myt1thl\">Pippo Delbono<\/strong> pour les films <em id=\"e-mtcthj14-9l2qbow\">Guerra<\/em>, laur\u00e9at du <strong id=\"e-mtcthj14-veyk6ew\">David di Donatello<\/strong>, et <em id=\"e-mtcthj14-9t1npcx\">Grido<\/em>.Depuis 1998, il travaille comme compositeur et musicien de sc\u00e8ne pour de nombreuses productions de la <strong id=\"e-mtcthj14-q52yicf\">Compagnia Pippo Delbono<\/strong>, avec laquelle il d\u00e9veloppe une collaboration artistique au long cours. Il compose et interpr\u00e8te les musiques de spectacles tels que <em id=\"e-mtcthj14-r04ur1c\">Guerra<\/em>, <em id=\"e-mtcthj14-ia773jm\">Esodo<\/em>, <em id=\"e-mtcthj14-yqqaznu\">Il Silenzio<\/em> et <em id=\"e-mtcthj14-knqo4h3\">Gente di Plastica<\/em>.Ces productions sont pr\u00e9sent\u00e9es dans le cadre de tourn\u00e9es internationales au <strong id=\"e-mtcthj14-ohf52zw\">Japon, au Br\u00e9sil, en \u00c9quateur, en Isra\u00ebl, en Palestine, en Russie, en Argentine, en France, en Espagne, en Pologne, aux Pays-Bas et \u00e0 La R\u00e9union<\/strong>.<\/p>\n\t\t\n<\/div>\n<div class=\"elementor-element elementor-element-e908ac1 e-con e-atomic-element e-flexbox-base \" data-id=\"e908ac1\" data-element_type=\"e-flexbox\" data-e-type=\"e-flexbox\" data-interaction-id=\"e908ac1\" data-e-type=\"e-flexbox\" data-id=\"e908ac1\">\n    \t\t\t<p class=\"e-paragraph-base\" data-interaction-id=\"7a9db08\" data-e-type=\"widget\" data-id=\"7a9db08\"><strong id=\"e-mtcthges-zjtowuc\">Enseignement et institutions artistiques:<br><\/strong>En 2005, il est cofondateur de <strong id=\"e-mtcthges-vp0qzzh\">ContemporArt<\/strong>, association culturelle bas\u00e9e \u00e0 G\u00eanes, dont il devient vice-pr\u00e9sident et directeur musical.De 2006 \u00e0 2012, il enseigne le <strong id=\"e-mtcthges-4241xab\">piano jazz<\/strong> dans les cursus de licence et de master au <strong id=\"e-mtcthges-1etad1p\">Conservatoire \u201cNiccol\u00f2 Paganini\u201d de G\u00eanes<\/strong>, ainsi qu\u2019\u00e0 la Casa della Musica de G\u00eanes.En 2008, il figure parmi les fondateurs du <strong id=\"e-mtcthges-674u42g\">Count Basie Jazz Club de G\u00eanes<\/strong>, dont il devient \u00e9galement membre du conseil d\u2019administration, contribuant ainsi \u00e0 la promotion et au d\u00e9veloppement de la culture jazz.<\/p>\n\t\t\n<\/div>\n<div class=\"elementor-element elementor-element-dac5907 e-con e-atomic-element e-flexbox-base \" data-id=\"dac5907\" data-element_type=\"e-flexbox\" data-e-type=\"e-flexbox\" data-interaction-id=\"dac5907\" data-e-type=\"e-flexbox\" data-id=\"dac5907\">\n    \t\t\t<p class=\"e-paragraph-base\" data-interaction-id=\"c7759df\" data-e-type=\"widget\" data-id=\"c7759df\"><strong>France et parcours acad\u00e9mique:<\/strong><br>De 2013 \u00e0 2017, il enseigne le <strong>piano jazz, l\u2019harmonie et l\u2019ear training<\/strong> au Conservatoire CRR d\u2019Annecy, ainsi que le piano jazz et l\u2019histoire du jazz \u00e0 Chamb\u00e9ry, en France.En 2016, il est nomm\u00e9 \u00e0 la chaire de <strong>piano jazz du Conservatoire de Campobasso<\/strong>, en Itali<\/p>\n\t\t\n<\/div>\n<div class=\"elementor-element elementor-element-4c26844 e-con e-atomic-element e-flexbox-base \" data-id=\"4c26844\" data-element_type=\"e-flexbox\" data-e-type=\"e-flexbox\" data-interaction-id=\"4c26844\" data-e-type=\"e-flexbox\" data-id=\"4c26844\">\n    \t\t\t<p class=\"e-paragraph-base\" data-interaction-id=\"0ad8419\" data-e-type=\"widget\" data-id=\"0ad8419\"><strong id=\"e-mtcts7ea-ffew8lo\">Discographie:<\/strong><br>Son trio participe \u00e9galement \u00e0 plusieurs projets discographiques, parmi lesquels <em id=\"e-mtcts7ea-t5a65j0\">Siena Jazz 1989<\/em> avec Paolo Fresu, <em id=\"e-mtcts7ea-i5wxo6p\">Spiritus Mundi<\/em> avec Daniele Sepe, <em id=\"e-mtcts7ea-r9jsd14\">La mia Musica<\/em> de Pietro Vitale et <em id=\"e-mtcts7ea-4ewr2ev\">Here\u2019s the Life<\/em> de Linda Mironti.<br><strong id=\"e-mtcts7ea-chkossc\">Travaux r\u00e9cents<br><\/strong> Ces derni\u00e8res ann\u00e9es, sa recherche compositionnelle s\u2019est de plus en plus concentr\u00e9e sur la relation entre <strong id=\"e-mtcts7ea-6fk11bo\">\u00e9criture et improvisation<\/strong>, \u00e0 travers des collaborations avec des musiciens de renomm\u00e9e internationale.Il publie <em id=\"e-mtcts7ea-xa7kj3a\">Il dono<\/em>, avec le grand batteur am\u00e9ricain <strong id=\"e-mtcts7ea-ycnuonq\">Jeff Ballard<\/strong>, puis <em id=\"e-mtcts7ea-pberdv4\">Disubbidire sempre<\/em>, son dernier album r\u00e9alis\u00e9 avec le clarinettiste <strong id=\"e-mtcts7ea-nbteqc4\">Gabriele Mirabassi<\/strong>, autour de compositions originales de Fausto Ferraiuolo.<br>Aujourd\u2019huiIl est actuellement <strong id=\"e-mtcts7ea-p8rlrks\">Professeur titulaire de piano jazz et de techniques d\u2019improvisation au Conservatoire de musique \u201cAlfredo Casella\u201d de L\u2019Aquila<\/strong>, o\u00f9 il poursuit parall\u00e8lement son activit\u00e9 artistique et sa recherche compositionnelle.<br><\/p>\n\t\t\n<\/div>\n\t\t<\/div>\n\t\t","protected":false},"excerpt":{"rendered":"<p>Fausto Ferraiuolo N\u00e9 \u00e0 Naples, Fausto Ferraiuolo est pianiste, compositeur et musicien de sc\u00e8ne.Il obtient son dipl\u00f4me de piano jazz [&hellip;]<\/p>\n","protected":false},"author":1,"featured_media":0,"parent":0,"menu_order":0,"comment_status":"closed","ping_status":"closed","template":"","meta":{"site-sidebar-layout":"no-sidebar","site-content-layout":"","ast-site-content-layout":"full-width-container","site-content-style":"default","site-sidebar-style":"default","ast-global-header-display":"","ast-banner-title-visibility":"","ast-main-header-display":"","ast-hfb-above-header-display":"","ast-hfb-below-header-display":"","ast-hfb-mobile-header-display":"","site-post-title":"disabled","ast-breadcrumbs-content":"","ast-featured-img":"disabled","footer-sml-layout":"","ast-disable-related-posts":"","theme-transparent-header-meta":"","adv-header-id-meta":"","stick-header-meta":"","header-above-stick-meta":"","header-main-stick-meta":"","header-below-stick-meta":"","astra-migrate-meta-layouts":"default","ast-page-background-enabled":"default","ast-page-background-meta":{"desktop":{"background-color":"var(--ast-global-color-5)","background-image":"","background-repeat":"repeat","background-position":"center center","background-size":"auto","background-attachment":"scroll","background-type":"","background-media":"","overlay-type":"","overlay-color":"","overlay-opacity":"","overlay-gradient":""},"tablet":{"background-color":"","background-image":"","background-repeat":"repeat","background-position":"center center","background-size":"auto","background-attachment":"scroll","background-type":"","background-media":"","overlay-type":"","overlay-color":"","overlay-opacity":"","overlay-gradient":""},"mobile":{"background-color":"","background-image":"","background-repeat":"repeat","background-position":"center center","background-size":"auto","background-attachment":"scroll","background-type":"","background-media":"","overlay-type":"","overlay-color":"","overlay-opacity":"","overlay-gradient":""}},"ast-content-background-meta":{"desktop":{"background-color":"var(--ast-global-color-4)","background-image":"","background-repeat":"repeat","background-position":"center center","background-size":"auto","background-attachment":"scroll","background-type":"","background-media":"","overlay-type":"","overlay-color":"","overlay-opacity":"","overlay-gradient":""},"tablet":{"background-color":"var(--ast-global-color-4)","background-image":"","background-repeat":"repeat","background-position":"center center","background-size":"auto","background-attachment":"scroll","background-type":"","background-media":"","overlay-type":"","overlay-color":"","overlay-opacity":"","overlay-gradient":""},"mobile":{"background-color":"var(--ast-global-color-4)","background-image":"","background-repeat":"repeat","background-position":"center center","background-size":"auto","background-attachment":"scroll","background-type":"","background-media":"","overlay-type":"","overlay-color":"","overlay-opacity":"","overlay-gradient":""}},"footnotes":""},"class_list":["post-1390","page","type-page","status-publish","hentry"],"_links":{"self":[{"href":"https:\/\/www.sic12.org\/index.php?rest_route=\/wp\/v2\/pages\/1390","targetHints":{"allow":["GET"]}}],"collection":[{"href":"https:\/\/www.sic12.org\/index.php?rest_route=\/wp\/v2\/pages"}],"about":[{"href":"https:\/\/www.sic12.org\/index.php?rest_route=\/wp\/v2\/types\/page"}],"author":[{"embeddable":true,"href":"https:\/\/www.sic12.org\/index.php?rest_route=\/wp\/v2\/users\/1"}],"replies":[{"embeddable":true,"href":"https:\/\/www.sic12.org\/index.php?rest_route=%2Fwp%2Fv2%2Fcomments&post=1390"}],"version-history":[{"count":7,"href":"https:\/\/www.sic12.org\/index.php?rest_route=\/wp\/v2\/pages\/1390\/revisions"}],"predecessor-version":[{"id":1397,"href":"https:\/\/www.sic12.org\/index.php?rest_route=\/wp\/v2\/pages\/1390\/revisions\/1397"}],"wp:attachment":[{"href":"https:\/\/www.sic12.org\/index.php?rest_route=%2Fwp%2Fv2%2Fmedia&parent=1390"}],"curies":[{"name":"wp","href":"https:\/\/api.w.org\/{rel}","templated":true}]}}

<div data-elementor-type="wp-page" data-elementor-id="1390" class="elementor elementor-1390" data-elementor-post-type="page">
				<div class="elementor-element elementor-element-6d30f49 e-con e-atomic-element e-flexbox-base " data-id="6d30f49" data-element_type="e-flexbox" data-e-type="e-flexbox" data-interaction-id="6d30f49" data-e-type="e-flexbox" data-id="6d30f49">
    			<h2 data-interaction-id="114505e" class="e-heading-base" data-e-type="widget" data-id="114505e">Fausto Ferraiuolo</h2>
		
</div>
<div class="elementor-element elementor-element-e874cc8 e-con e-atomic-element e-flexbox-base " data-id="e874cc8" data-element_type="e-flexbox" data-e-type="e-flexbox" data-interaction-id="e874cc8" data-e-type="e-flexbox" data-id="e874cc8">
    			<p class="e-f8d2bcb-59a3716 e-paragraph-base" data-interaction-id="f8d2bcb" data-e-type="widget" data-id="f8d2bcb" >Né à Naples, <br><strong id="e-mtctqbap-o8luav8">Fausto Ferraiuolo est pianiste, compositeur et musicien de scène</strong>.<br>Il obtient son diplôme de piano jazz avec les félicitations du jury au Conservatoire d’Alessandria, en Italie.Il approfondit ensuite la tradition du piano jazz à New York et à Rome auprès de <strong id="e-mtctqbap-oppbt84">Barry Harris</strong> et obtient en 2010 un <strong id="e-mtctqbap-p5pelxo">Master international de jazz à Siena Jazz (InJam)</strong></p>
		
</div>
<div class="elementor-element elementor-element-1a37b7a e-con e-atomic-element e-flexbox-base " data-id="1a37b7a" data-element_type="e-flexbox" data-e-type="e-flexbox" data-interaction-id="1a37b7a" data-e-type="e-flexbox" data-id="1a37b7a">
    			<p class="e-paragraph-base" data-interaction-id="dcd82bc" data-e-type="widget" data-id="dcd82bc">Au cours de sa formation, il étudie avec <strong id="e-mtcta8dm-tockffx">Enrico Pieranunzi</strong>, suit les cours de perfectionnement de <strong id="e-mtcta8dm-v0mwenn">John Taylor</strong> et <strong id="e-mtcta8dm-vrt0xa3">George Cables</strong>, et approfondit la pratique de la musique d’ensemble avec <strong id="e-mtcta8dm-tvj59q4">Paul Jeffrey</strong> et <strong id="e-mtcta8dm-wc0ib8z">Benny Golson</strong>.Depuis 1989, il se produit avec son propre trio, développant une intense activité de concert en Italie et à l’étranger et enregistrant de nombreux albums, parmi lesquels <em id="e-mtcta8dm-m3f7hfg">The Secret of the Moon</em>, <em id="e-mtcta8dm-h4cgvxy">Guajon</em>, <em id="e-mtcta8dm-vxru1a4">Blue and Green</em>, <em id="e-mtcta8dm-kglbk36">Changing Walking</em>, <em id="e-mtcta8dm-n5i9997">Artam/Mantra</em>, <em id="e-mtcta8dm-8tvheez">Ponts Suspendus</em>, <em id="e-mtcta8dm-mxv5yaj">Il dono</em> et <em id="e-mtcta8dm-5v62sgd">Disubbidire sempre</em>.</p>
		
</div>
<div class="elementor-element elementor-element-7d948a3 e-con e-atomic-element e-flexbox-base " data-id="7d948a3" data-element_type="e-flexbox" data-e-type="e-flexbox" data-interaction-id="7d948a3" data-e-type="e-flexbox" data-id="7d948a3">
    			<p class="e-paragraph-base" data-interaction-id="b8a60ff" data-e-type="widget" data-id="b8a60ff"><strong id="e-mtcteqxt-785m3sz">Collaborations:<br></strong>Au cours de sa carrière, il collabore avec de grandes figures du jazz italien et international, parmi lesquelles <strong id="e-mtcteqxt-1hk6de8">Tony Scott, Elliot Zigmund, Paolo Fresu, Maurizio Giammarco, Massimo Urbani, Marc Abrams, Fabrizio Sferra, Pietro Condorelli, Daniele Scannapieco, Attilio Zanchi, Daniele Sepe, Piero Leveratto, Alfred Kramer, Bobby Durham, Gianni Cazzola, Pietro Iodice, Tino Tracanna et Marco Tamburini</strong>.</p>
		
</div>
<div class="elementor-element elementor-element-d0af02a e-con e-atomic-element e-flexbox-base " data-id="d0af02a" data-element_type="e-flexbox" data-e-type="e-flexbox" data-interaction-id="d0af02a" data-e-type="e-flexbox" data-id="d0af02a">
    			<p class="e-paragraph-base" data-interaction-id="93274c0" data-e-type="widget" data-id="93274c0"><strong id="e-mtcthj14-2mnx2lp">Cinéma et théâtre:<br></strong>Parallèlement à son activité dans le jazz, Fausto Ferraiuolo développe un important travail de <strong id="e-mtcthj14-8gmrnuo">composition pour le cinéma et le théâtre</strong>. En 1992, il commence à composer des musiques pour le cinéma, en collaborant avec <strong id="e-mtcthj14-myt1thl">Pippo Delbono</strong> pour les films <em id="e-mtcthj14-9l2qbow">Guerra</em>, lauréat du <strong id="e-mtcthj14-veyk6ew">David di Donatello</strong>, et <em id="e-mtcthj14-9t1npcx">Grido</em>.Depuis 1998, il travaille comme compositeur et musicien de scène pour de nombreuses productions de la <strong id="e-mtcthj14-q52yicf">Compagnia Pippo Delbono</strong>, avec laquelle il développe une collaboration artistique au long cours. Il compose et interprète les musiques de spectacles tels que <em id="e-mtcthj14-r04ur1c">Guerra</em>, <em id="e-mtcthj14-ia773jm">Esodo</em>, <em id="e-mtcthj14-yqqaznu">Il Silenzio</em> et <em id="e-mtcthj14-knqo4h3">Gente di Plastica</em>.Ces productions sont présentées dans le cadre de tournées internationales au <strong id="e-mtcthj14-ohf52zw">Japon, au Brésil, en Équateur, en Israël, en Palestine, en Russie, en Argentine, en France, en Espagne, en Pologne, aux Pays-Bas et à La Réunion</strong>.</p>
		
</div>
<div class="elementor-element elementor-element-e908ac1 e-con e-atomic-element e-flexbox-base " data-id="e908ac1" data-element_type="e-flexbox" data-e-type="e-flexbox" data-interaction-id="e908ac1" data-e-type="e-flexbox" data-id="e908ac1">
    			<p class="e-paragraph-base" data-interaction-id="7a9db08" data-e-type="widget" data-id="7a9db08"><strong id="e-mtcthges-zjtowuc">Enseignement et institutions artistiques:<br></strong>En 2005, il est cofondateur de <strong id="e-mtcthges-vp0qzzh">ContemporArt</strong>, association culturelle basée à Gênes, dont il devient vice-président et directeur musical.De 2006 à 2012, il enseigne le <strong id="e-mtcthges-4241xab">piano jazz</strong> dans les cursus de licence et de master au <strong id="e-mtcthges-1etad1p">Conservatoire “Niccolò Paganini” de Gênes</strong>, ainsi qu’à la Casa della Musica de Gênes.En 2008, il figure parmi les fondateurs du <strong id="e-mtcthges-674u42g">Count Basie Jazz Club de Gênes</strong>, dont il devient également membre du conseil d’administration, contribuant ainsi à la promotion et au développement de la culture jazz.</p>
		
</div>
<div class="elementor-element elementor-element-dac5907 e-con e-atomic-element e-flexbox-base " data-id="dac5907" data-element_type="e-flexbox" data-e-type="e-flexbox" data-interaction-id="dac5907" data-e-type="e-flexbox" data-id="dac5907">
    			<p class="e-paragraph-base" data-interaction-id="c7759df" data-e-type="widget" data-id="c7759df"><strong>France et parcours académique:</strong><br>De 2013 à 2017, il enseigne le <strong>piano jazz, l’harmonie et l’ear training</strong> au Conservatoire CRR d’Annecy, ainsi que le piano jazz et l’histoire du jazz à Chambéry, en France.En 2016, il est nommé à la chaire de <strong>piano jazz du Conservatoire de Campobasso</strong>, en Itali</p>
		
</div>
<div class="elementor-element elementor-element-4c26844 e-con e-atomic-element e-flexbox-base " data-id="4c26844" data-element_type="e-flexbox" data-e-type="e-flexbox" data-interaction-id="4c26844" data-e-type="e-flexbox" data-id="4c26844">
    			<p class="e-paragraph-base" data-interaction-id="0ad8419" data-e-type="widget" data-id="0ad8419"><strong id="e-mtcts7ea-ffew8lo">Discographie:</strong><br>Son trio participe également à plusieurs projets discographiques, parmi lesquels <em id="e-mtcts7ea-t5a65j0">Siena Jazz 1989</em> avec Paolo Fresu, <em id="e-mtcts7ea-i5wxo6p">Spiritus Mundi</em> avec Daniele Sepe, <em id="e-mtcts7ea-r9jsd14">La mia Musica</em> de Pietro Vitale et <em id="e-mtcts7ea-4ewr2ev">Here’s the Life</em> de Linda Mironti.<br><strong id="e-mtcts7ea-chkossc">Travaux récents<br></strong> Ces dernières années, sa recherche compositionnelle s’est de plus en plus concentrée sur la relation entre <strong id="e-mtcts7ea-6fk11bo">écriture et improvisation</strong>, à travers des collaborations avec des musiciens de renommée internationale.Il publie <em id="e-mtcts7ea-xa7kj3a">Il dono</em>, avec le grand batteur américain <strong id="e-mtcts7ea-ycnuonq">Jeff Ballard</strong>, puis <em id="e-mtcts7ea-pberdv4">Disubbidire sempre</em>, son dernier album réalisé avec le clarinettiste <strong id="e-mtcts7ea-nbteqc4">Gabriele Mirabassi</strong>, autour de compositions originales de Fausto Ferraiuolo.<br>Aujourd’huiIl est actuellement <strong id="e-mtcts7ea-p8rlrks">Professeur titulaire de piano jazz et de techniques d’improvisation au Conservatoire de musique “Alfredo Casella” de L’Aquila</strong>, où il poursuit parallèlement son activité artistique et sa recherche compositionnelle.<br></p>
		
</div>
		</div>

<p>Fausto Ferraiuolo Né à Naples, Fausto Ferraiuolo est pianiste, compositeur et musicien de scène.Il obtient son diplôme de piano jazz [&hellip;]</p>
